{"id":205,"date":"2024-05-30T21:28:40","date_gmt":"2024-05-30T19:28:40","guid":{"rendered":"https:\/\/emcvenezuela.com\/?post_type=product&#038;p=205"},"modified":"2024-06-05T22:24:44","modified_gmt":"2024-06-05T20:24:44","slug":"unidad-de-mantenimiento-serie-hne","status":"publish","type":"product","link":"https:\/\/emcvenezuela.com\/index.php\/product\/unidad-de-mantenimiento-serie-hne\/","title":{"rendered":"Unidad de Mantenimiento Serie HNE"},"content":{"rendered":"<p>Las unidades de tratamiento de aire de la serie HNE son del tipo de recipiente met\u00e1lico en material de fundici\u00f3n de aluminio a presi\u00f3n, protegiendo fuertemente a la unidad de manipulaciones inadecuadas y asegurando una mayor vida \u00fatil. El rango de caudal es de 1000 a 5000 litros por minuto.<\/p>\n","protected":false},"excerpt":{"rendered":"<p>Las unidades de tratamiento de aire de la serie HNE son del tipo de recipiente met\u00e1lico en material de fundici\u00f3n de aluminio a presi\u00f3n, protegiendo fuertemente a la unidad de manipulaciones inadecuadas y asegurando una mayor vida \u00fatil.<\/p>\n","protected":false},"featured_media":173,"comment_status":"closed","ping_status":"closed","template":"","meta":[],"product_brand":[],"product_cat":[23],"product_tag":[],"class_list":{"0":"post-205","1":"product","2":"type-product","3":"status-publish","4":"has-post-thumbnail","6":"product_cat-unidades-de-tratamiento-de-aire","8":"first","9":"instock","10":"shipping-taxable","11":"product-type-simple"},"jetpack_sharing_enabled":true,"_links":{"self":[{"href":"https:\/\/emcvenezuela.com\/index.php\/wp-json\/wp\/v2\/product\/205","targetHints":{"allow":["GET"]}}],"collection":[{"href":"https:\/\/emcvenezuela.com\/index.php\/wp-json\/wp\/v2\/product"}],"about":[{"href":"https:\/\/emcvenezuela.com\/index.php\/wp-json\/wp\/v2\/types\/product"}],"replies":[{"embeddable":true,"href":"https:\/\/emcvenezuela.com\/index.php\/wp-json\/wp\/v2\/comments?post=205"}],"wp:featuredmedia":[{"embeddable":true,"href":"https:\/\/emcvenezuela.com\/index.php\/wp-json\/wp\/v2\/media\/173"}],"wp:attachment":[{"href":"https:\/\/emcvenezuela.com\/index.php\/wp-json\/wp\/v2\/media?parent=205"}],"wp:term":[{"taxonomy":"product_brand","embeddable":true,"href":"https:\/\/emcvenezuela.com\/index.php\/wp-json\/wp\/v2\/product_brand?post=205"},{"taxonomy":"product_cat","embeddable":true,"href":"https:\/\/emcvenezuela.com\/index.php\/wp-json\/wp\/v2\/product_cat?post=205"},{"taxonomy":"product_tag","embeddable":true,"href":"https:\/\/emcvenezuela.com\/index.php\/wp-json\/wp\/v2\/product_tag?post=205"}],"curies":[{"name":"wp","href":"https:\/\/api.w.org\/{rel}","templated":true}]}}